 3363?
177
What is the highest common divisor of 1429004 and 776?
388
What is the greatest common factor of 35190 and 164565?
1035
Calculate the greatest common divisor of 3400 and 31000.
200
Calculate the greatest common divisor of 11220 and 64020.
660
What is the highest common factor of 119 and 2023?
119
What is the greatest common divisor of 299469 and 9?
3
Calculate the highest common factor of 13074 and 18.
6
What is the greatest common divisor of 408 and 179248?
136
Calculate the greatest common factor of 9963 and 8343.
81
What is the greatest common divisor of 18500 and 592?
148
What is the greatest common divisor of 350560 and 42560?
1120
Calculate the greatest common factor of 186 and 6817458.
186
What is the highest common divisor of 230088 and 66?
6
What is the greatest common divisor of 763960 and 5112?
568
What is the greatest common factor of 3948 and 4452?
84
What is the highest common factor of 3410 and 2519?
11
What is the greatest common divisor of 46 and 11747779?
23
What is the highest common factor of 236928 and 72?
24
Calculate the highest common divisor of 3101267 and 9932.
2483
Calculate the highest common divisor of 43763 and 818.
409
Calculate the highest common divisor of 345812 and 2.
2
What is the greatest common divisor of 10441 and 1431?
53
What is the greatest common divisor of 93 and 1284?
3
Calculate the greatest common factor of 4898 and 46934.
62
Calculate the greatest common factor of 6840 and 3177.
9
What is the highest common factor of 1388 and 68359?
347
What is the highest common factor of 4158 and 7656?
66
What is the highest common factor of 1104 and 47334?
138
What is the highest common divisor of 25390576 and 16?
16
Calculate the greatest common factor of 37870 and 490.
70
Calculate the greatest common factor of 5264 and 10080.
112
Calculate the highest common factor of 90636 and 2093.
91
Calculate the greatest common divisor of 7100 and 20.
20
What is the highest common factor of 2508 and 204116?
44
What is the highest common factor of 2532711 and 265?
53
Calculate the greatest common divisor of 17 and 82943.
17
What is the highest common divisor of 574 and 3416?
14
What is the highest common factor of 11016 and 3240?
648
Calculate the greatest common divisor of 4720 and 6654020.
1180
Calculate the highest common factor of 179376 and 303.
303
What is the greatest common factor of 83331 and 603?
9
Calculate the highest common divisor of 774 and 118035.
387
Calculate the highest common divisor of 136 and 2730030.
34
Calculate the greatest common divisor of 15879743 and 11.
11
What is the highest common factor of 86040 and 1340?
20
Calculate the highest common factor of 1180018 and 98.
98
Calculate the highest common divisor of 3321 and 1886.
41
Calculate the greatest common factor of 11 and 164192.
1
Calculate the greatest common factor of 3353 and 56.
7
What is the highest common factor of 10412 and 64?
4
Calculate the greatest common factor of 78561 and 27.
9
Calculate the greatest common divisor of 5888 and 2176.
128
What is the greatest common factor of 140088 and 468?
156
Calculate the highest common factor of 239 and 417533.
239
Calculate the highest common factor of 12376 and 128248.
136
Calculate the greatest common factor of 26 and 1026818.
26
What is the highest common factor of 33 and 152933?
11
What is the highest common divisor of 66 and 15114?
66
Calculate the greatest common divisor of 3514 and 50702.
502
Calculate the highest common factor of 48 and 1823736.
24
What is the greatest common divisor of 25752 and 31320?
696
Calculate the highest common divisor of 3 and 881043.
3
Calculate the greatest common divisor of 252 and 64575.
63
What is the greatest common divisor of 2177 and 483?
7
What is the greatest common factor of 7701 and 221?
17
What is the greatest common divisor of 1216 and 106229?
19
What is the greatest common divisor of 18753 and 453033?
987
What is the highest common factor of 621 and 3243?
69
What is the greatest common factor of 218 and 218872?
218
Calculate the highest common factor of 66208 and 6.
2
Calculate the greatest common factor of 2484143 and 37.
37
Calculate the greatest common factor of 245 and 3885.
35
Calculate the greatest common factor of 154774 and 19.
19
Calculate the highest common divisor of 507 and 143312.
169
Calculate the highest common divisor of 3254230 and 21.
7
Calculate the highest common divisor of 37827 and 27.
27
What is the greatest common divisor of 12 and 47?
1
Calculate the highest common factor of 96 and 97296.
48
Calculate the greatest common factor of 33360 and 560.
80
Calculate the greatest common factor of 8 and 8500.
4
Calculate the highest common divisor of 366 and 7869.
183
What is the greatest common factor of 36577 and 926?
463
Calculate the greatest common divisor of 958 and 568.
2
Calculate the greatest common factor of 16182 and 14848.
58
What is the greatest common factor of 64 and 90784?
32
What is the greatest common factor of 8260 and 2240?
140
What is the highest common divisor of 1295940 and 60?
60
Calculate the greatest common divisor of 121 and 2222.
11
What is the highest common divisor of 211757 and 112?
7
What is the greatest common divisor of 166470 and 53010?
930
What is the highest common divisor of 225 and 1133280?
45
Calculate the greatest common factor of 380 and 213370.
190
Calculate the greatest common divisor of 713897 and 23.
23
What is the greatest common factor of 4557 and 2793?
147
What is the greatest common factor of 14241 and 141?
141
Calculate the greatest common divisor of 88 and 70708.
44
What is the greatest common factor of 175 and 534775?
25
Calculate the highest common factor of 5482659 and 171.
57
Calculate the greatest common factor of 2494235 and 92.
23
Calculate the highest common factor of 86 and 32379.
43
Calculate the highest common factor of 99549 and 648.
81
Calculate the greatest common divisor of 899277 and 276.
69
What is the greatest common divisor of 502906 and 82?
82
Calculate the greatest common divisor of 437 and 3335.
23
Calculate the greatest common divisor of 1112 and 326.
2
Calculate the greatest common factor of 555903 and 81.
81
What is the highest common divisor of 514063 and 104462?
2749
Calculate the highest common factor of 82048 and 384.
128
What is the greatest common divisor of 1127 and 238483?
49
Calculate the highest common factor of 699855 and 222.
111
Calculate the greatest common factor of 26258 and 1824.
38
Calculate the highest common factor of 192 and 28872.
24
What is the greatest common factor of 68 and 277820?
4
What is the greatest common divisor of 589 and 15637?
19
Calculate the greatest common factor of 68121 and 648.
81
Calculate the greatest common factor of 185556 and 21.
21
Calculate the greatest common divisor of 2401 and 28469.
343
Calculate the greatest common factor of 15 and 588561.
3
Calculate the greatest common factor of 1107 and 6399.
27
What is the greatest common divisor of 112 and 344792?
56
What is the greatest common divisor of 6380 and 9164?
116
What is the greatest common divisor of 21 and 3458?
7
What is the greatest common divisor of 140140 and 11?
11
Calculate the greatest common divisor of 16441 and 164.
41
What is the greatest common divisor of 657303 and 453?
453
Calculate the highest common divisor of 2 and 150022.
2
Calculate the highest common factor of 3 and 14397.
3
What is the highest common divisor of 23754 and 2664?
222
Calculate the highest common divisor of 9003870 and 10.
10
What is the greatest common divisor of 168940 and 400?
20
Calculate the highest common factor of 76130 and 3450.
230
Calculate the highest common divisor of 10 and 259315.
5
What is the highest common divisor of 1107 and 8019?
27
Calculate the highest common divisor of 25636 and 2652.
884
Calculate the highest common factor of 1468 and 26057.
367
What is the highest common factor of 1813 and 135457?
259
What is the greatest common factor of 232 and 34568?
232
Calculate the greatest common divisor of 5184 and 783.
27
What is the greatest common factor of 308 and 1636?
4
Calculate the highest common divisor of 231708 and 192.
12
What is the highest common divisor of 74 and 217893?
37
Calculate the highest common divisor of 5 and 